e factors of 7102?
2, 53, 67
What are the prime factors of 12506?
2, 13, 37
What are the prime factors of 56619?
3, 233
What are the prime factors of 2009?
7, 41
What are the prime factors of 20195?
5, 7, 577
List the prime factors of 4737.
3, 1579
List the prime factors of 1598.
2, 17, 47
List the prime factors of 5121.
3, 569
What are the prime factors of 19335?
3, 5, 1289
What are the prime factors of 686?
2, 7
What are the prime factors of 1051?
1051
List the prime factors of 4013.
4013
List the prime factors of 661.
661
List the prime factors of 2564.
2, 641
What are the prime factors of 109720?
2, 5, 13, 211
What are the prime factors of 40989?
3, 13, 1051
List the prime factors of 37071.
3, 1373
What are the prime factors of 11461?
73, 157
What are the prime factors of 102057?
3, 34019
List the prime factors of 6166.
2, 3083
List the prime factors of 5704.
2, 23, 31
What are the prime factors of 696?
2, 3, 29
List the prime factors of 244.
2, 61
What are the prime factors of 6678?
2, 3, 7, 53
List the prime factors of 1915.
5, 383
List the prime factors of 7869.
3, 43, 61
What are the prime factors of 93100?
2, 5, 7, 19
What are the prime factors of 3835?
5, 13, 59
What are the prime factors of 1484?
2, 7, 53
What are the prime factors of 104415?
3, 5, 6961
What are the prime factors of 5641?
5641
What are the prime factors of 21630?
2, 3, 5, 7, 103
List the prime factors of 130211.
130211
List the prime factors of 1225.
5, 7
What are the prime factors of 1042?
2, 521
List the prime factors of 1989.
3, 13, 17
What are the prime factors of 11292?
2, 3, 941
What are the prime factors of 1979?
1979
List the prime factors of 116682.
2, 3, 19447
List the prime factors of 2120.
2, 5, 53
List the prime factors of 2079.
3, 7, 11
List the prime factors of 2340.
2, 3, 5, 13
What are the prime factors of 3039?
3, 1013
List the prime factors of 29548.
2, 83, 89
List the prime factors of 7192.
2, 29, 31
List the prime factors of 51210.
2, 3, 5, 569
List the prime factors of 5595.
3, 5, 373
List the prime factors of 28237.
11, 17, 151
List the prime factors of 975.
3, 5, 13
List the prime factors of 1037.
17, 61
What are the prime factors of 1418?
2, 709
List the prime factors of 2024.
2, 11, 23
List the prime factors of 4489.
67
What are the prime factors of 24548?
2, 17, 19
List the prime factors of 1140.
2, 3, 5, 19
What are the prime factors of 112273?
7, 43, 373
List the prime factors of 50391.
3, 11, 509
List the prime factors of 441.
3, 7
What are the prime factors of 2836?
2, 709
What are the prime factors of 17222?
2, 79, 109
List the prime factors of 50815.
5, 10163
What are the prime factors of 636?
2, 3, 53
What are the prime factors of 28187?
71, 397
List the prime factors of 3601.
13, 277
List the prime factors of 883.
883
What are the prime factors of 113373?
3, 13, 17, 19
What are the prime factors of 2613?
3, 13, 67
List the prime factors of 7493.
59, 127
What are the prime factors of 149?
149
List the prime factors of 585.
3, 5, 13
List the prime factors of 10286.
2, 37, 139
List the prime factors of 8063.
11, 733
List the prime factors of 2685.
3, 5, 179
List the prime factors of 4203.
3, 467
List the prime factors of 1315.
5, 263
What are the prime factors of 1822?
2, 911
List the prime factors of 451.
11, 41
What are the prime factors of 634?
2, 317
What are the prime factors of 64228?
2, 16057
List the prime factors of 1233.
3, 137
List the prime factors of 52.
2, 13
List the prime factors of 21395.
5, 11, 389
List the prime factors of 3864.
2, 3, 7, 23
List the prime factors of 27696.
2, 3, 577
What are the prime factors of 498?
2, 3, 83
What are the prime factors of 132822?
2, 3, 47, 157
List the prime factors of 2610.
2, 3, 5, 29
What are the prime factors of 969?
3, 17, 19
What are the prime factors of 1118?
2, 13, 43
List the prime factors of 25855.
5, 5171
List the prime factors of 17142.
2, 3, 2857
What are the prime factors of 67218?
2, 3, 17, 659
What are the prime factors of 702?
2, 3, 13
List the prime factors of 6419.
7, 131
List the prime factors of 36978.
2, 3, 6163
List the prime factors of 16.
2
What are the prime factors of 4493?
4493
What are the prime factors of 32615?
5, 11, 593
What are the prime factors of 15963?
3, 17, 313
List the prime factors of 3700.
2, 5, 37
List the prime factors of 21694.
2, 10847
List the prime factors of 3837.
3, 1279
List the prime factors of 942.
2, 3, 157
What are the prime factors of 371?
7, 53
What are the prime factors of 2932?
2, 733
List the prime factors of 9109.
9109
List the prime factors of 27924.
2, 3, 13, 179
What are the prime factors of 3811?
37, 103
What are the prime factors of 1488?
2, 3, 31
What are the prime factors of 8745?
3, 5, 11, 53
What are the prime factors of 897?
3, 13, 23
List the prime factors of 37801.
103, 367
What are the prime factors of 1419?
3, 11, 43
What are the prime factors of 43125?
3, 5, 23
What are the prime factors of 88425?
3, 5, 131
What are the prime factors of 31687?
31687
List the prime factors of 79.
79
What are the prime factors of 80555?
5, 16111
List the prime factors of 111522.
2, 3, 18587
What are the prime factors of 699?
3, 233
What are the prime factors of 15620?
2, 5, 11, 71
List the prime factors of 91254.
2, 3, 67, 227
What are the prime factors of 25967?
23, 1129
What are the prime factors of 1958?
2, 11, 89
List the prime factors of 4566.
2, 3, 761
What are the prime factors of 63?
3, 7
What are the prime factors of 21488?
2, 17, 79
List the prime factors of 10173.
3, 3391
What are the prime factors of 24230?
2, 5, 2423
What are the prime factors of 2619?
3, 97
List the prime factors of 1054.
2, 17, 31
What are the prime factors of 32562?
2, 3, 67
List the prime factors of 738.
2, 3, 41
List the prime factors of 747.
3, 83
What are the prime factors of 173?
173
What are the prime factors of 885?
3, 5, 59
What are the prime factors of 544?
2, 17
List the prime factors of 933.
3, 311
What are the prime factors of 55535?
5, 29, 383
List the prime factors of 3113.
11, 283
List the prime factors of 165425.
5, 13, 509
List the prime factors of 370.
2, 5, 37
What are the prime factors of 8764?
2, 7, 313
What are the prime factors of 5978?
2, 7, 61
What are the prime factors of 2680?
2, 5, 67
List the prime factors of 1275.
3, 5, 17
What are the prime factors of 5262?
2, 3, 877
What are the prime factors of 30346?
2, 15173
What are the prime factors of 5516?
2, 7, 197
List the prime factors of 1952.
2, 61
What are the prime factors of 73450?
2, 5, 13, 113
What are the prime factors of 10688?
2, 167
List the prime factors of 2838.
2, 3, 11, 43
List the prime factors of 904.
2, 113
List the prime factors of 85786.
2, 59, 727
List the prime factors of 221.
13, 17
List the prime factors of 5719.
7, 19, 43
List the prime factors of 19473.
3, 6491
List the prime factors of 5459.
53, 103
What are the prime factors of 291?
3, 97
List the prime factors of 31689.
3, 7, 503
List the prime factors of 22104.
2, 3, 307
List the prime factors of 720.
2, 3, 5
List the prime factors of 34061.
34061
List the prime factors of 398.
2, 199
List the prime factors of 12308.
2, 17, 181
What are the prime factors of 93706?
2, 46853
What are the prime factors of 34713?
3, 7, 19, 29
What are the prime factors of 327?
3, 109
What are the prime factors of 1309?
7, 11, 17
What are the prime factors of 4267?
17, 251
List the prime factors of 1023.
3, 11, 31
What are the prime factors of 1245?
3, 5, 83
List the prime factors of 42969.
3, 14323
What are the prime factors of 11972?
2, 41, 73
List the prime factors of 1932.
2, 3, 7, 23
What are the prime factors of 1528?
2, 191
What are the prime factors of 15218?
2, 7, 1087
What are the prime factors of 14597?
11, 1327
List the prime factors of 91189.
7, 1861
What are the prime factors of 145925?
5, 13, 449
List the prime factors of 6837.
3, 43, 53
List the prime factors of 25985.
5, 5197
List the prime factors of 1234.
2, 617
List the prime factors of 2859.
3, 953
What are the prime factors of 687?
3, 229
List the prime factors of 1971.
3, 73
List the prime factors of 6073.
6073
What are the prime factors of 180?
2, 3, 5
List the prime factors of 24227.
7, 3461
What are the prime factors of 15177?
3, 5